{"id":8007,"date":"2019-07-08T13:21:43","date_gmt":"2019-07-08T11:21:43","guid":{"rendered":"https:\/\/dev2.mgvpublications.com\/produkt\/allahin-elcisi-hz-muhammed\/"},"modified":"2022-03-08T22:31:40","modified_gmt":"2022-03-08T21:31:40","slug":"allahin-elcisi-hz-muhammed","status":"publish","type":"product","link":"https:\/\/mgvpublications.com\/de\/allahin-elcisi-hz-muhammed\/","title":{"rendered":"Allah&#8217;\u0131n El\u00e7isi Hz. Muhammed"},"content":{"rendered":"<p>\u00c7evirmen: \u00dclk\u00fc Zeynep Babacan<br \/>\nYay\u0131n Tarihi 2017-11-01<br \/>\nISBN [koo_icon name=&#8221;undefined&#8221; color=&#8221;&#8221; size=&#8221;&#8221;]<br \/>\nBask\u0131 Say\u0131s\u0131 2. Bask\u0131<br \/>\nDil T\u00dcRK\u00c7E<br \/>\nSayfa Say\u0131s\u0131 280<br \/>\nCilt Tipi Karton Kapak<br \/>\nKa\u011f\u0131t Cinsi Kitap Ka\u011f\u0131d\u0131<br \/>\nBoyut 13.5 x 21 cm<\/p>","protected":false},"excerpt":{"rendered":"<p>Hz. Peygamberin hayat\u0131na ili\u015fkin d\u00fcnyada pek \u00e7ok dilde, yazarlar\u0131 ister dost ister d\u00fc\u015fman olsun, binlerce kitap vard\u0131r. Bunlar\u0131n hepsi, kendi dinlerine rakip olmas\u0131na ba\u011fl\u0131 olarak onu sevmeseler bile, Hz. Muhammed&#8217;in \u00e7ok b\u00fcy\u00fck bir insan oldu\u011fu konusunda hemfikirledir. Kas\u0131tl\u0131 olarak onu yanl\u0131\u015f tan\u0131tan ve anlatanlar -ki say\u0131lar\u0131 hi\u00e7 az de\u011fildir- asl\u0131nda dolayl\u0131 olarak ona sayg\u0131 g\u00f6stermektedirler. Onu yanl\u0131\u015f tan\u0131tmalar\u0131n\u0131n tek sebebi onun hakk\u0131nda do\u011frular\u0131 s\u00f6yleyince kendi taraftarlar\u0131n\u0131 kaybedeceklerinden korkmalar\u0131d\u0131r. Bu insanlar g\u00fcn\u00fcm\u00fczde de hala insanlar\u0131n \u0130slam&#8217;\u0131 kabul etmesini engellemek amac\u0131yla onun hakk\u0131nda uydurma hikayeler anlatmaktad\u0131rlar. Bu durumun \u015fa\u015f\u0131rt\u0131c\u0131 olan yan\u0131 ise, modern Bat\u0131n\u0131n elindeki bas\u0131n, radyo-televizyon, sinema gibi imkan ve ara\u00e7lara ra\u011fmen Hz. Muhammed&#8217;in \u015fahs\u0131yla ilgili yap\u0131lan anti-propagandan\u0131n amac\u0131na beklendi\u011fi gibi ula\u015famam\u0131\u015f olmas\u0131d\u0131r.<br \/>\nM\u00fcsl\u00fcmanlar\u0131n da H\u0131ristiyanlar ve misyonerlerle ayn\u0131 kaynak ve ara\u00e7lara sahip olmalar\u0131 durumunda neler olabilece\u011fini bilmiyoruz ama bildi\u011fimiz, \u0130slam&#8217;\u0131n hem H\u0131ristiyan d\u00fcnyada hem de kom\u00fcnist Bat\u0131da m\u00fcthi\u015f bir h\u0131zla yay\u0131lmakta<\/p>","protected":false},"featured_media":8008,"template":"","meta":{"spay_email":""},"product_cat":[174],"product_tag":[],"item":[389],"acf":[],"_links":{"self":[{"href":"https:\/\/mgvpublications.com\/de\/wp-json\/wp\/v2\/product\/8007"}],"collection":[{"href":"https:\/\/mgvpublications.com\/de\/wp-json\/wp\/v2\/product"}],"about":[{"href":"https:\/\/mgvpublications.com\/de\/wp-json\/wp\/v2\/types\/product"}],"wp:featuredmedia":[{"embeddable":true,"href":"https:\/\/mgvpublications.com\/de\/wp-json\/wp\/v2\/media\/8008"}],"wp:attachment":[{"href":"https:\/\/mgvpublications.com\/de\/wp-json\/wp\/v2\/media?parent=8007"}],"wp:term":[{"taxonomy":"product_cat","embeddable":true,"href":"https:\/\/mgvpublications.com\/de\/wp-json\/wp\/v2\/product_cat?post=8007"},{"taxonomy":"product_tag","embeddable":true,"href":"https:\/\/mgvpublications.com\/de\/wp-json\/wp\/v2\/product_tag?post=8007"},{"taxonomy":"item","embeddable":true,"href":"https:\/\/mgvpublications.com\/de\/wp-json\/wp\/v2\/item?post=8007"}],"curies":[{"name":"wp","href":"https:\/\/api.w.org\/{rel}","templated":true}]}}

Allah&#8217;ın Elçisi Hz. Muhammed

<p>Çevirmen: Ülkü Zeynep Babacan<br />
Yayın Tarihi 2017-11-01<br />
ISBN [koo_icon name=&#8221;undefined&#8221; color=&#8221;&#8221; size=&#8221;&#8221;]<br />
Baskı Sayısı 2. Baskı<br />
Dil TÜRKÇE<br />
Sayfa Sayısı 280<br />
Cilt Tipi Karton Kapak<br />
Kağıt Cinsi Kitap Kağıdı<br />
Boyut 13.5 x 21 cm</p>

<p>Hz. Peygamberin hayatına ilişkin dünyada pek çok dilde, yazarları ister dost ister düşman olsun, binlerce kitap vardır. Bunların hepsi, kendi dinlerine rakip olmasına bağlı olarak onu sevmeseler bile, Hz. Muhammed&#8217;in çok büyük bir insan olduğu konusunda hemfikirledir. Kasıtlı olarak onu yanlış tanıtan ve anlatanlar -ki sayıları hiç az değildir- aslında dolaylı olarak ona saygı göstermektedirler. Onu yanlış tanıtmalarının tek sebebi onun hakkında doğruları söyleyince kendi taraftarlarını kaybedeceklerinden korkmalarıdır. Bu insanlar günümüzde de hala insanların İslam&#8217;ı kabul etmesini engellemek amacıyla onun hakkında uydurma hikayeler anlatmaktadırlar. Bu durumun şaşırtıcı olan yanı ise, modern Batının elindeki basın, radyo-televizyon, sinema gibi imkan ve araçlara rağmen Hz. Muhammed&#8217;in şahsıyla ilgili yapılan anti-propagandanın amacına beklendiği gibi ulaşamamış olmasıdır.<br />
Müslümanların da Hıristiyanlar ve misyonerlerle aynı kaynak ve araçlara sahip olmaları durumunda neler olabileceğini bilmiyoruz ama bildiğimiz, İslam&#8217;ın hem Hıristiyan dünyada hem de komünist Batıda müthiş bir hızla yayılmakta</p>
