{"id":3963,"date":"2019-04-02T22:43:32","date_gmt":"2019-04-02T20:43:32","guid":{"rendered":"https:\/\/dev2.mgvpublications.com\/produkt\/import-placeholder-for-6199\/"},"modified":"2022-03-08T22:30:05","modified_gmt":"2022-03-08T21:30:05","slug":"islam-hukuku-evrensellik-suereklilik","status":"publish","type":"product","link":"https:\/\/mgvpublications.com\/de\/islam-hukuku-evrensellik-suereklilik\/","title":{"rendered":"\u0130slam Hukuku\/Evrensellik &#8211; S\u00fcreklilik"},"content":{"rendered":"<p>\u00c7evirmen: Prof. Dr. Yusuf I\u015f\u0131c\u0131k<br \/>\n\u00c7evirmen: Prof. Dr. Ahmet Yaman<br \/>\nYay\u0131n Tarihi 1999-10-30<br \/>\nOrjinal Ad\u0131 \u015eer\u00ee&#8217;at\u00fc&#8217;l-\u0130sl\u00e2m: Hul\u00fbd\u00fch\u00e2 ve Sal\u00e2huh\u00e2 li&#8217;t-Tatb\u00eek f\u00ee K\u00fclli Zem\u00e2n ve Mek\u00e2n<br \/>\nISBN 9753591039<br \/>\nBask\u0131 Say\u0131s\u0131 2. Bask\u0131<br \/>\nDil T\u00dcRK\u00c7E<br \/>\nSayfa Say\u0131s\u0131 230<br \/>\nCilt Tipi Karton Kapak<br \/>\nKa\u011f\u0131t Cinsi 3. Hm. Ka\u011f\u0131t<br \/>\nBoyut 13.5 x 19.5 cm<\/p>","protected":false},"excerpt":{"rendered":"<p>Bu kitap, y\u00fczy\u0131l\u0131m\u0131z\u0131n \u00f6nemli bir ilim, fikir ve aksiyon adam\u0131n\u0131n \u0130sl\u00e2m hukuku alan\u0131ndaki \u00f6m\u00fcrl\u00fck birikiminin bir \u00f6zetini vermektedir.<br \/>\n\u0130sl\u00e2m huk\u00fbkunun mahal\u00ee ve tarih\u00ee oldu\u011fu iddialar\u0131n\u0131n aksine el-Karad\u00e2v\u00ee bu eserinde, \u0130sl\u00e2m huk\u00fbkunun evrenselli\u011fini ve b\u00fct\u00fcn zamanlarda ge\u00e7erlili\u011fini incelemekte; onun kendi i\u00e7 dinamiklerinden hareket ederek ve tarihinden \u00f6rneklemeler yaparak f\u0131kh\u0131n ya\u015fanabilirli\u011fini vurgulamaktad\u0131r. \u0130ctih\u00e2d&#8217;\u0131n \u015fer&#8217;\u00ee\/huk\u00fbk\u00ee bak\u0131mdan bir y\u00fck\u00fcml\u00fcl\u00fck, pratik hayat bak\u0131m\u0131ndan da bir zorunluluk oldu\u011funu belirten yazar, \u0130sl\u00e2m&#8217;\u0131n b\u00fct\u00fcn zamanlara hitap edebilmesi i\u00e7in se\u00e7ici ve kurucu \u015feklinde ikili bir ictihad anlay\u0131\u015f\u0131n\u0131 da irdelemektedir.<\/p>","protected":false},"featured_media":17733,"template":"","meta":{"spay_email":""},"product_cat":[170],"product_tag":[],"item":[428],"acf":[],"_links":{"self":[{"href":"https:\/\/mgvpublications.com\/de\/wp-json\/wp\/v2\/product\/3963"}],"collection":[{"href":"https:\/\/mgvpublications.com\/de\/wp-json\/wp\/v2\/product"}],"about":[{"href":"https:\/\/mgvpublications.com\/de\/wp-json\/wp\/v2\/types\/product"}],"wp:featuredmedia":[{"embeddable":true,"href":"https:\/\/mgvpublications.com\/de\/wp-json\/wp\/v2\/media\/17733"}],"wp:attachment":[{"href":"https:\/\/mgvpublications.com\/de\/wp-json\/wp\/v2\/media?parent=3963"}],"wp:term":[{"taxonomy":"product_cat","embeddable":true,"href":"https:\/\/mgvpublications.com\/de\/wp-json\/wp\/v2\/product_cat?post=3963"},{"taxonomy":"product_tag","embeddable":true,"href":"https:\/\/mgvpublications.com\/de\/wp-json\/wp\/v2\/product_tag?post=3963"},{"taxonomy":"item","embeddable":true,"href":"https:\/\/mgvpublications.com\/de\/wp-json\/wp\/v2\/item?post=3963"}],"curies":[{"name":"wp","href":"https:\/\/api.w.org\/{rel}","templated":true}]}}

İslam Hukuku/Evrensellik &#8211; Süreklilik

<p>Çevirmen: Prof. Dr. Yusuf Işıcık<br />
Çevirmen: Prof. Dr. Ahmet Yaman<br />
Yayın Tarihi 1999-10-30<br />
Orjinal Adı Şerî&#8217;atü&#8217;l-İslâm: Hulûdühâ ve Salâhuhâ li&#8217;t-Tatbîk fî Külli Zemân ve Mekân<br />
ISBN 9753591039<br />
Baskı Sayısı 2. Baskı<br />
Dil TÜRKÇE<br />
Sayfa Sayısı 230<br />
Cilt Tipi Karton Kapak<br />
Kağıt Cinsi 3. Hm. Kağıt<br />
Boyut 13.5 x 19.5 cm</p>

<p>Bu kitap, yüzyılımızın önemli bir ilim, fikir ve aksiyon adamının İslâm hukuku alanındaki ömürlük birikiminin bir özetini vermektedir.<br />
İslâm hukûkunun mahalî ve tarihî olduğu iddialarının aksine el-Karadâvî bu eserinde, İslâm hukûkunun evrenselliğini ve bütün zamanlarda geçerliliğini incelemekte; onun kendi iç dinamiklerinden hareket ederek ve tarihinden örneklemeler yaparak fıkhın yaşanabilirliğini vurgulamaktadır. İctihâd&#8217;ın şer&#8217;î/hukûkî bakımdan bir yükümlülük, pratik hayat bakımından da bir zorunluluk olduğunu belirten yazar, İslâm&#8217;ın bütün zamanlara hitap edebilmesi için seçici ve kurucu şeklinde ikili bir ictihad anlayışını da irdelemektedir.</p>
