{"id":17513,"date":"2021-01-28T10:08:10","date_gmt":"2021-01-28T09:08:10","guid":{"rendered":"https:\/\/dev2.mgvpublications.com\/?post_type=product&#038;p=17513"},"modified":"2022-03-08T22:50:37","modified_gmt":"2022-03-08T21:50:37","slug":"eve-kardes-geldi","status":"publish","type":"product","link":"https:\/\/mgvpublications.com\/de\/eve-kardes-geldi\/","title":{"rendered":"Eve Karde\u015f Geldi"},"content":{"rendered":"<div>Yay\u0131n Tarihi: 28.05.2010<\/div>\n<div>ISBN: 9789752611658<\/div>\n<div>Dil: T\u00dcRK\u00c7E<\/div>\n<div>Sayfa Say\u0131s\u0131: 124<\/div>\n<div>Cilt Tipi: Karton Kapak<\/div>\n<div>Ka\u011f\u0131t Cinsi: Kitap Ka\u011f\u0131d\u0131<\/div>\n<div>Boyut: 16.5 x 23.5 cm<\/div>","protected":false},"excerpt":{"rendered":"<p>Ay\u015fe be\u015f ya\u015f\u0131ndayd\u0131 ve ailenin tek \u00e7ocu\u011fuydu. Ama bu \u00e7ok uzun s\u00fcrmeyecekti. \u00c7\u00fcnk\u00fc Ay\u015fe&#8217;nin yak\u0131nda bir karde\u015fi olacakt\u0131.<br \/>\n&#8220;Benim karde\u015fim do\u011fdu\u011funda, onu \u00e7ok sevece\u011fim; gi\u00e7 k\u0131skanmayaca\u011f\u0131m&#8221; diyordu.<br \/>\nAy\u015fe&#8217;nin bu s\u00f6zleri babas\u0131n\u0131n ho\u015funa gitti.<br \/>\n&#8220;Demek karde\u015fin do\u011fdu\u011funda onu hi\u00e7 k\u0131skanmayacaks\u0131n, \u00f6yle mi?&#8221;.<br \/>\n&#8220;K\u0131skanmam yabi&#8217; hi\u00e7 karde\u015f k\u0131skan\u0131l\u0131r m\u0131?&#8221;<br \/>\n&#8220;Karde\u015fin do\u011fmadan bunu bilemezsin. Her \u00e7ocuk, az veya \u00e7ok karde\u015fini k\u0131skan\u0131r&#8230;&#8221;<br \/>\nBabas\u0131n\u0131n bu s\u00f6z\u00fc \u00fczerine, Ay\u015fe d\u00fc\u015f\u00fcnmeye ba\u015flad\u0131.<br \/>\n&#8220;K\u0131skanmak ne demekti?<br \/>\n\u00c7ocuklar karde\u015fini neden k\u0131skan\u0131rd\u0131? O da karde\u015fini k\u0131skanacak m\u0131yd\u0131? Peki k\u0131skanmak \u00e7ok k\u00f6t\u00fc bir \u015fey miyidi?&#8221;<br \/>\nAy\u015fe, akl\u0131na tak\u0131lan sorular\u0131 ve duygular\u0131n\u0131 anne babas\u0131yla \u00e7ekinmeden payla\u015fabilen \u015fansl\u0131 \u00e7ocuklardand\u0131!<br \/>\n&#8220;Babac\u0131\u011f\u0131m, dedi. &#8220;K\u0131skanmak ne demek? K\u0131skanmak k\u00f6t\u00fc bir \u015fey mi? \u00c7ocuklar neden karde\u015fini k\u0131skan\u0131r?&#8221;<br \/>\nArka arkaya gelen bu sorular kar\u015f\u0131s\u0131nda Mehmet bey h\u00fclmeye ba\u015flad\u0131. Nuray Han\u0131m da g\u00fcl\u00fcyordu. Ay\u015fe, anne ve babas\u0131n\u0131n g\u00fclmelerine bir anlam veremedi.<br \/>\n&#8220;Neden g\u00fcl\u00fcyorusnuz, sordu\u011fum \u015feyler \u00e7ok mu komik?&#8221; dedi.<br \/>\n&#8220;Hay\u0131r, komik de\u011fil, d\u00fc\u015f\u00fcnd\u00fcr\u00fcc\u00fc&#8230;&#8221; dedi baba. &#8220;B\u00f6yle d\u00fc\u015f\u00fcnd\u00fcr\u00fcc\u00fc sorular soran bir k\u0131z\u0131m\u0131z oldu\u011fu i\u00e7in \u00e7ok \u015fansl\u0131y\u0131z..&#8221;<br \/>\ndevam\u0131n\u0131 oku<\/p>","protected":false},"featured_media":17514,"template":"","meta":{"spay_email":""},"product_cat":[171],"product_tag":[],"item":[692],"acf":[],"_links":{"self":[{"href":"https:\/\/mgvpublications.com\/de\/wp-json\/wp\/v2\/product\/17513"}],"collection":[{"href":"https:\/\/mgvpublications.com\/de\/wp-json\/wp\/v2\/product"}],"about":[{"href":"https:\/\/mgvpublications.com\/de\/wp-json\/wp\/v2\/types\/product"}],"wp:featuredmedia":[{"embeddable":true,"href":"https:\/\/mgvpublications.com\/de\/wp-json\/wp\/v2\/media\/17514"}],"wp:attachment":[{"href":"https:\/\/mgvpublications.com\/de\/wp-json\/wp\/v2\/media?parent=17513"}],"wp:term":[{"taxonomy":"product_cat","embeddable":true,"href":"https:\/\/mgvpublications.com\/de\/wp-json\/wp\/v2\/product_cat?post=17513"},{"taxonomy":"product_tag","embeddable":true,"href":"https:\/\/mgvpublications.com\/de\/wp-json\/wp\/v2\/product_tag?post=17513"},{"taxonomy":"item","embeddable":true,"href":"https:\/\/mgvpublications.com\/de\/wp-json\/wp\/v2\/item?post=17513"}],"curies":[{"name":"wp","href":"https:\/\/api.w.org\/{rel}","templated":true}]}}

Eve Kardeş Geldi

<div>Yayın Tarihi: 28.05.2010</div>
<div>ISBN: 9789752611658</div>
<div>Dil: TÜRKÇE</div>
<div>Sayfa Sayısı: 124</div>
<div>Cilt Tipi: Karton Kapak</div>
<div>Kağıt Cinsi: Kitap Kağıdı</div>
<div>Boyut: 16.5 x 23.5 cm</div>

<p>Ayşe beş yaşındaydı ve ailenin tek çocuğuydu. Ama bu çok uzun sürmeyecekti. Çünkü Ayşe&#8217;nin yakında bir kardeşi olacaktı.<br />
&#8220;Benim kardeşim doğduğunda, onu çok seveceğim; giç kıskanmayacağım&#8221; diyordu.<br />
Ayşe&#8217;nin bu sözleri babasının hoşuna gitti.<br />
&#8220;Demek kardeşin doğduğunda onu hiç kıskanmayacaksın, öyle mi?&#8221;.<br />
&#8220;Kıskanmam yabi&#8217; hiç kardeş kıskanılır mı?&#8221;<br />
&#8220;Kardeşin doğmadan bunu bilemezsin. Her çocuk, az veya çok kardeşini kıskanır&#8230;&#8221;<br />
Babasının bu sözü üzerine, Ayşe düşünmeye başladı.<br />
&#8220;Kıskanmak ne demekti?<br />
Çocuklar kardeşini neden kıskanırdı? O da kardeşini kıskanacak mıydı? Peki kıskanmak çok kötü bir şey miyidi?&#8221;<br />
Ayşe, aklına takılan soruları ve duygularını anne babasıyla çekinmeden paylaşabilen şanslı çocuklardandı!<br />
&#8220;Babacığım, dedi. &#8220;Kıskanmak ne demek? Kıskanmak kötü bir şey mi? Çocuklar neden kardeşini kıskanır?&#8221;<br />
Arka arkaya gelen bu sorular karşısında Mehmet bey hülmeye başladı. Nuray Hanım da gülüyordu. Ayşe, anne ve babasının gülmelerine bir anlam veremedi.<br />
&#8220;Neden gülüyorusnuz, sorduğum şeyler çok mu komik?&#8221; dedi.<br />
&#8220;Hayır, komik değil, düşündürücü&#8230;&#8221; dedi baba. &#8220;Böyle düşündürücü sorular soran bir kızımız olduğu için çok şanslıyız..&#8221;<br />
devamını oku</p>
