{"id":15187,"date":"2020-12-11T16:22:29","date_gmt":"2020-12-11T15:22:29","guid":{"rendered":"https:\/\/dev2.mgvpublications.com\/produkt\/degisen-ortadoguda-kurtler\/"},"modified":"2022-04-17T13:34:34","modified_gmt":"2022-04-17T11:34:34","slug":"degisen-ortadoguda-kurtler","status":"publish","type":"product","link":"https:\/\/mgvpublications.com\/de\/degisen-ortadoguda-kurtler\/","title":{"rendered":"De\u011fi\u015fen Ortado\u011fu&#8217;da K\u00fcrtler"},"content":{"rendered":"<p>Yay\u0131n Tarihi:\t07.04.2015<br \/>\nISBN:\t9789756353394<br \/>\nDil:\tT\u00dcRK\u00c7E<br \/>\nSayfa Say\u0131s\u0131:\t344<br \/>\nCilt Tipi:\tKarton Kapak<br \/>\nKa\u011f\u0131t Cinsi:\tKitap Ka\u011f\u0131d\u0131<br \/>\nBoyut:\t13.5 x 21 cm<\/p>","protected":false},"excerpt":{"rendered":"<p>Tunus\u2019ta alevlenen; M\u0131s\u0131r, Yemen, Libya, Bahreyn ve Cezayir\u2019i de saran de\u011fi\u015fim yang\u0131n\u0131n\u0131n t\u00fcm b\u00f6lgeye sirayet etmesi ka\u00e7\u0131n\u0131lmaz.<br \/>\nBug\u00fcn tart\u0131\u015f\u0131lan, de\u011fi\u015fimin olup olmayaca\u011f\u0131 de\u011fil, nas\u0131l ve ne \u015fekilde olaca\u011f\u0131, de\u011fi\u015fim sonras\u0131 kimlerin iktidara gelece\u011fi ve ne \u015fekilde bir d\u00fczen kurulaca\u011f\u0131.<br \/>\nYeni Ortado\u011fu Federasyonu start alm\u0131\u015ft\u0131r.<br \/>\nOrtado\u011fu\u2019da \u0130stanbul-Kahire-\u015eam-Ba\u011fdat-Diyarbak\u0131r-Erbil eksenli entegrasyon h\u0131zlanacak, ekonomik ve k\u00fclt\u00fcrel cazibe merkezi \u0130stanbul olan Ortado\u011fu Federasyonu ger\u00e7ekle\u015fecektir.<br \/>\nT\u00fcrkiye, Ortado\u011fu ba\u015fta olmak \u00fczere t\u00fcm \u0130slam d\u00fcnyas\u0131n\u0131 etkilemekte, bir ba\u015fka y\u00f6nden de mevcut geli\u015fmelerden kendisi de etkilenmektedir.<br \/>\nAncak T\u00fcrkiye\u2019nin en b\u00fcy\u00fck a\u00e7maz\u0131 K\u00fcrt sorunudur.<br \/>\nK\u00fcrtlerle birlikteli\u011fi ve K\u00fcrtlerin deste\u011fini sa\u011flayamayan bir T\u00fcrkiye\u2019nin de\u011fil Adriyatik\u2019ten \u00c7in Seddi\u2019ne, Habur\u2019dan \u00f6teye gitmeye bile g\u00fcc\u00fc, mecali ve takati kalmayacakt\u0131r.<br \/>\nK\u00fcrtler co\u011frafi, siyasi, ekonomik ve k\u00fclt\u00fcrel olarak bu entegrasyonun kav\u015fak noktas\u0131ndad\u0131r. Merkezdeki bir rahats\u0131zl\u0131k t\u00fcm entegrasyonu allak bullak edecek, riske sokacakt\u0131r.<br \/>\nK\u00fcrtlerin T\u00fcrklerle bin y\u0131ld\u0131r oldu\u011fu gibi yine birlikte ya\u015famak istedikleri K\u00fcrtler taraf\u0131ndan hemen her f\u0131rsatta dile getirilmektedir.<br \/>\nAncak K\u00fcrtler, bundan sonra art\u0131k kimliksiz ve stat\u00fcs\u00fcz ya\u015famak istemediklerini de hemen her f\u0131rsatta dile getirmektedirler. <\/p>","protected":false},"featured_media":15188,"template":"","meta":{"spay_email":""},"product_cat":[173],"product_tag":[],"item":[1321],"acf":[],"_links":{"self":[{"href":"https:\/\/mgvpublications.com\/de\/wp-json\/wp\/v2\/product\/15187"}],"collection":[{"href":"https:\/\/mgvpublications.com\/de\/wp-json\/wp\/v2\/product"}],"about":[{"href":"https:\/\/mgvpublications.com\/de\/wp-json\/wp\/v2\/types\/product"}],"wp:featuredmedia":[{"embeddable":true,"href":"https:\/\/mgvpublications.com\/de\/wp-json\/wp\/v2\/media\/15188"}],"wp:attachment":[{"href":"https:\/\/mgvpublications.com\/de\/wp-json\/wp\/v2\/media?parent=15187"}],"wp:term":[{"taxonomy":"product_cat","embeddable":true,"href":"https:\/\/mgvpublications.com\/de\/wp-json\/wp\/v2\/product_cat?post=15187"},{"taxonomy":"product_tag","embeddable":true,"href":"https:\/\/mgvpublications.com\/de\/wp-json\/wp\/v2\/product_tag?post=15187"},{"taxonomy":"item","embeddable":true,"href":"https:\/\/mgvpublications.com\/de\/wp-json\/wp\/v2\/item?post=15187"}],"curies":[{"name":"wp","href":"https:\/\/api.w.org\/{rel}","templated":true}]}}

Değişen Ortadoğu&#8217;da Kürtler

<p>Yayın Tarihi:	07.04.2015<br />
ISBN:	9789756353394<br />
Dil:	TÜRKÇE<br />
Sayfa Sayısı:	344<br />
Cilt Tipi:	Karton Kapak<br />
Kağıt Cinsi:	Kitap Kağıdı<br />
Boyut:	13.5 x 21 cm</p>

<p>Tunus’ta alevlenen; Mısır, Yemen, Libya, Bahreyn ve Cezayir’i de saran değişim yangınının tüm bölgeye sirayet etmesi kaçınılmaz.<br />
Bugün tartışılan, değişimin olup olmayacağı değil, nasıl ve ne şekilde olacağı, değişim sonrası kimlerin iktidara geleceği ve ne şekilde bir düzen kurulacağı.<br />
Yeni Ortadoğu Federasyonu start almıştır.<br />
Ortadoğu’da İstanbul-Kahire-Şam-Bağdat-Diyarbakır-Erbil eksenli entegrasyon hızlanacak, ekonomik ve kültürel cazibe merkezi İstanbul olan Ortadoğu Federasyonu gerçekleşecektir.<br />
Türkiye, Ortadoğu başta olmak üzere tüm İslam dünyasını etkilemekte, bir başka yönden de mevcut gelişmelerden kendisi de etkilenmektedir.<br />
Ancak Türkiye’nin en büyük açmazı Kürt sorunudur.<br />
Kürtlerle birlikteliği ve Kürtlerin desteğini sağlayamayan bir Türkiye’nin değil Adriyatik’ten Çin Seddi’ne, Habur’dan öteye gitmeye bile gücü, mecali ve takati kalmayacaktır.<br />
Kürtler coğrafi, siyasi, ekonomik ve kültürel olarak bu entegrasyonun kavşak noktasındadır. Merkezdeki bir rahatsızlık tüm entegrasyonu allak bullak edecek, riske sokacaktır.<br />
Kürtlerin Türklerle bin yıldır olduğu gibi yine birlikte yaşamak istedikleri Kürtler tarafından hemen her fırsatta dile getirilmektedir.<br />
Ancak Kürtler, bundan sonra artık kimliksiz ve statüsüz yaşamak istemediklerini de hemen her fırsatta dile getirmektedirler. </p>
