{"id":10265,"date":"2020-01-31T05:09:19","date_gmt":"2020-01-31T04:09:19","guid":{"rendered":"https:\/\/dev2.mgvpublications.com\/produkt\/duenyanin-sonu-3\/"},"modified":"2025-04-26T19:32:34","modified_gmt":"2025-04-26T17:32:34","slug":"duenyanin-sonu-3","status":"publish","type":"product","link":"https:\/\/mgvpublications.com\/de\/duenyanin-sonu-3\/","title":{"rendered":"D\u00fcnyan\u0131n Sonu 3"},"content":{"rendered":"<p>Yay\u0131n Tarihi 2019-11-11<br \/>\nISBN 6052008409<br \/>\nBask\u0131 Say\u0131s\u0131 1. Bask\u0131<br \/>\nDil T\u00dcRK\u00c7E<br \/>\nSayfa Say\u0131s\u0131 518<br \/>\nCilt Tipi Karton Kapak<br \/>\nKa\u011f\u0131t Cinsi Kitap Ka\u011f\u0131d\u0131<br \/>\nBoyut 13.5 x 21 cm<\/p>","protected":false},"excerpt":{"rendered":"<p>K\u0131yametin 10 b\u00fcy\u00fck alameti!<br \/>\nMehdi, Melhame-i K\u00fcbra (b\u00fcy\u00fck sava\u015f), Deccal, Dabbet-\u00fcl ard, Yec\u00fcc Mec\u00fcc, Hz. \u0130sa (as), g\u00fcne\u015fin bat\u0131dan do\u011fmas\u0131, K\u00e2be&#8217;nin y\u0131k\u0131lmas\u0131&#8230; K\u0131yametin on b\u00fcy\u00fck alameti ve g\u00fcn\u00fcm\u00fczde insanlar\u0131n en \u00e7ok merak etti\u011fi; k\u0131yamet ne zaman kopacak veya kopaca\u011f\u0131 tarih belli midir? \u015eeklinde akla gelebilecek sorular\u0131n cevab\u0131 bu eserde.<br \/>\nMehdi&#8217;nin \u00e7\u0131kmas\u0131ndan \u00f6nce meydana gelecek alamet ve i\u015faretler, nereden \u00e7\u0131kaca\u011f\u0131, \u00f6zellikleri, ya\u015f\u0131 ve hicret edece\u011fi yer, b\u00fcy\u00fck sava\u015f\u0131 y\u00f6netmesi (Melhame-i K\u00fcbra), Hz. \u0130sa (a.s) ile Kud\u00fcs&#8217;\u00fc \u015ferifte bulu\u015fmas\u0131, \u0130stanbul&#8217;u Roma&#8217;y\u0131 ve el-Kat\u0131 \u015fehirlerini fethetmesi. Kur&#8217;an&#8217;da ge\u00e7en sekineyi bulundu\u011fu yerden \u00e7\u0131karmas\u0131, daha \u00f6nce Kud\u00fcs&#8217;ten Roma&#8217;ya ta\u015f\u0131nan ve orada gizlenen ge\u00e7mi\u015fe ait emanetlerin Mehdi&#8217;nin talimat\u0131yla tekrar Kud\u00fcs&#8217;e ta\u015f\u0131nmas\u0131 (Hz. \u00c2dem&#8217;in cennet elbisesi, Hz. Musa&#8217;n\u0131n (a.s)asas\u0131 ve kudret helvas\u0131ndan bir miktar, Hz. S\u00fcleyman&#8217;\u0131n (a.s) m\u00fchr\u00fc, Tevrat&#8217;\u0131n baz\u0131 orjinal sayfalar\u0131&#8230;)<\/p>","protected":false},"featured_media":10266,"template":"","meta":{"spay_email":""},"product_cat":[174],"product_tag":[],"item":[335],"acf":[],"_links":{"self":[{"href":"https:\/\/mgvpublications.com\/de\/wp-json\/wp\/v2\/product\/10265"}],"collection":[{"href":"https:\/\/mgvpublications.com\/de\/wp-json\/wp\/v2\/product"}],"about":[{"href":"https:\/\/mgvpublications.com\/de\/wp-json\/wp\/v2\/types\/product"}],"wp:featuredmedia":[{"embeddable":true,"href":"https:\/\/mgvpublications.com\/de\/wp-json\/wp\/v2\/media\/10266"}],"wp:attachment":[{"href":"https:\/\/mgvpublications.com\/de\/wp-json\/wp\/v2\/media?parent=10265"}],"wp:term":[{"taxonomy":"product_cat","embeddable":true,"href":"https:\/\/mgvpublications.com\/de\/wp-json\/wp\/v2\/product_cat?post=10265"},{"taxonomy":"product_tag","embeddable":true,"href":"https:\/\/mgvpublications.com\/de\/wp-json\/wp\/v2\/product_tag?post=10265"},{"taxonomy":"item","embeddable":true,"href":"https:\/\/mgvpublications.com\/de\/wp-json\/wp\/v2\/item?post=10265"}],"curies":[{"name":"wp","href":"https:\/\/api.w.org\/{rel}","templated":true}]}}

Dünyanın Sonu 3

<p>Yayın Tarihi 2019-11-11<br />
ISBN 6052008409<br />
Baskı Sayısı 1. Baskı<br />
Dil TÜRKÇE<br />
Sayfa Sayısı 518<br />
Cilt Tipi Karton Kapak<br />
Kağıt Cinsi Kitap Kağıdı<br />
Boyut 13.5 x 21 cm</p>

<p>Kıyametin 10 büyük alameti!<br />
Mehdi, Melhame-i Kübra (büyük savaş), Deccal, Dabbet-ül ard, Yecüc Mecüc, Hz. İsa (as), güneşin batıdan doğması, Kâbe&#8217;nin yıkılması&#8230; Kıyametin on büyük alameti ve günümüzde insanların en çok merak ettiği; kıyamet ne zaman kopacak veya kopacağı tarih belli midir? Şeklinde akla gelebilecek soruların cevabı bu eserde.<br />
Mehdi&#8217;nin çıkmasından önce meydana gelecek alamet ve işaretler, nereden çıkacağı, özellikleri, yaşı ve hicret edeceği yer, büyük savaşı yönetmesi (Melhame-i Kübra), Hz. İsa (a.s) ile Kudüs&#8217;ü şerifte buluşması, İstanbul&#8217;u Roma&#8217;yı ve el-Katı şehirlerini fethetmesi. Kur&#8217;an&#8217;da geçen sekineyi bulunduğu yerden çıkarması, daha önce Kudüs&#8217;ten Roma&#8217;ya taşınan ve orada gizlenen geçmişe ait emanetlerin Mehdi&#8217;nin talimatıyla tekrar Kudüs&#8217;e taşınması (Hz. Âdem&#8217;in cennet elbisesi, Hz. Musa&#8217;nın (a.s)asası ve kudret helvasından bir miktar, Hz. Süleyman&#8217;ın (a.s) mührü, Tevrat&#8217;ın bazı orjinal sayfaları&#8230;)</p>
